{"id":38,"date":"2023-04-03T19:16:15","date_gmt":"2023-04-03T17:16:15","guid":{"rendered":"https:\/\/consolatozurigo.esteri.it\/?page_id=38"},"modified":"2026-08-27T10:26:48","modified_gmt":"2026-08-27T08:26:48","slug":"numeri-di-emergenza","status":"publish","type":"page","link":"https:\/\/consvalona.esteri.it\/it\/chi-siamo\/numeri-di-emergenza\/","title":{"rendered":"Numeri di emergenza"},"content":{"rendered":"<p><span style=\"color: #000000; font-family: Calibri;\">NUMERI DI EMERGENZA DELLA RETE CONSOLARE IN ALBANIA<\/span><\/p>\n<p><span style=\"color: #000000; font-family: Calibri;\">DEDICATI ESCLUSIVAMENTE A CITTADINI ITALIANI SOLO PER SITUAZIONI DI COMPROVATA EMERGENZA <strong>(<em>quali, ad esempio: incidenti stradali, ricoveri d\u2019urgenza, arresti, ecc.)<\/em><\/strong><\/span><\/p>\n<p><span style=\"color: #000000; font-family: Calibri;\">(<strong>Le chiamate per pratiche consolari ordinarie &#8211; passaporti, visti, etc. &#8211; NON verranno prese in considerazione<\/strong>)<\/span><\/p>\n<p><span style=\"color: #000000; font-family: Calibri;\">Per i cittadini italiani presenti nella circoscrizione consolare del Consolato Generale d\u2019Italia a <strong>VALONA<\/strong> il numero di emergenza \u00e8: <strong>00355 68 2027064 &#8211; in funzione dal luned\u00ec al venerd\u00ec sino <\/strong><\/span><strong style=\"color: #000000; font-family: Calibri;\">alle ore 22.00 <\/strong><strong style=\"color: #000000; font-family: Calibri;\">e il sabato, domenica e nei giorni festivi da<\/strong><strong style=\"color: #000000; font-family: Calibri;\">lle ore 08.00 sino alle ore 22.00.<\/strong><\/p>\n<p><span style=\"color: #000000; font-family: Calibri;\">Per i cittadini italiani presenti nella circoscrizione consolare dell\u2019Ambasciata d\u2019Italia a<strong> TIRANA<\/strong> il numero di emergenza \u00e8: <strong>00355 4 2274900<\/strong><\/span><\/p>\n<p><span style=\"color: #000000; font-family: Calibri;\">In caso di <strong>ASSOLUTA EMERGENZA<\/strong> in orari diversi da quelli di apertura degli uffici o di reperibilit\u00e0, \u00e8 possibile contattare il seguente numero dell\u2019Unit\u00e0 di Crisi del Ministero degli Affari Esteri e della Cooperazione Internazionale: <strong>+39-06-36225. <\/strong><\/span><\/p>\n<p><strong><span style=\"text-decoration: underline;\"><em><span style=\"color: #000000; font-family: Calibri;\">Contatti di emergenza delle autorit\u00e0 albanesi:\u00a0<\/span><\/em><\/span><\/strong><\/p>\n<p><strong><span style=\"color: #000000; font-family: Calibri;\">Emergenza: 112 (valido per tutte le richieste urgenti) <\/span><\/strong><\/p>\n<p><strong><span style=\"color: #000000; font-family: Calibri;\">Polizia di stato: 129 <\/span><\/strong><\/p>\n<p><strong><span style=\"color: #000000; font-family: Calibri;\">Pronto soccorso: 127 <\/span><\/strong><\/p>\n<p><strong><span style=\"color: #000000; font-family: Calibri;\">Vigili del fuoco: 128 <\/span><\/strong><\/p>\n<p><strong><span style=\"color: #000000; font-family: Calibri;\">Polizia Stradale: 126<\/span><\/strong><\/p>\n","protected":false},"excerpt":{"rendered":"NUMERI DI EMERGENZA DELLA RETE CONSOLARE IN ALBANIA DEDICATI ESCLUSIVAMENTE A CITTADINI ITALIANI SOLO PER SITUAZIONI DI COMPROVATA EMERGENZA (quali, ad esempio: incidenti stradali, ricoveri d\u2019urgenza, arresti, ecc.) (Le chiamate per pratiche consolari ordinarie &#8211; passaporti, visti, etc. &#8211; NON verranno prese in considerazione) Per i cittadini italiani presenti nella circoscrizione consolare del Consolato Generale [&hellip;]","protected":false},"author":1,"featured_media":0,"parent":13,"menu_order":10,"comment_status":"closed","ping_status":"closed","template":"","meta":{"footnotes":""},"class_list":["post-38","page","type-page","status-publish","hentry"],"_links":{"self":[{"href":"https:\/\/consvalona.esteri.it\/it\/wp-json\/wp\/v2\/pages\/38","targetHints":{"allow":["GET"]}}],"collection":[{"href":"https:\/\/consvalona.esteri.it\/it\/wp-json\/wp\/v2\/pages"}],"about":[{"href":"https:\/\/consvalona.esteri.it\/it\/wp-json\/wp\/v2\/types\/page"}],"author":[{"embeddable":true,"href":"https:\/\/consvalona.esteri.it\/it\/wp-json\/wp\/v2\/users\/1"}],"replies":[{"embeddable":true,"href":"https:\/\/consvalona.esteri.it\/it\/wp-json\/wp\/v2\/comments?post=38"}],"version-history":[{"count":6,"href":"https:\/\/consvalona.esteri.it\/it\/wp-json\/wp\/v2\/pages\/38\/revisions"}],"predecessor-version":[{"id":2579,"href":"https:\/\/consvalona.esteri.it\/it\/wp-json\/wp\/v2\/pages\/38\/revisions\/2579"}],"up":[{"embeddable":true,"href":"https:\/\/consvalona.esteri.it\/it\/wp-json\/wp\/v2\/pages\/13"}],"wp:attachment":[{"href":"https:\/\/consvalona.esteri.it\/it\/wp-json\/wp\/v2\/media?parent=38"}],"curies":[{"name":"wp","href":"https:\/\/api.w.org\/{rel}","templated":true}]}}

<p><span style="color: #000000; font-family: Calibri;">NUMERI DI EMERGENZA DELLA RETE CONSOLARE IN ALBANIA</span></p>
<p><span style="color: #000000; font-family: Calibri;">DEDICATI ESCLUSIVAMENTE A CITTADINI ITALIANI SOLO PER SITUAZIONI DI COMPROVATA EMERGENZA <strong>(<em>quali, ad esempio: incidenti stradali, ricoveri d’urgenza, arresti, ecc.)</em></strong></span></p>
<p><span style="color: #000000; font-family: Calibri;">(<strong>Le chiamate per pratiche consolari ordinarie &#8211; passaporti, visti, etc. &#8211; NON verranno prese in considerazione</strong>)</span></p>
<p><span style="color: #000000; font-family: Calibri;">Per i cittadini italiani presenti nella circoscrizione consolare del Consolato Generale d’Italia a <strong>VALONA</strong> il numero di emergenza è: <strong>00355 68 2027064 &#8211; in funzione dal lunedì al venerdì sino </strong></span><strong style="color: #000000; font-family: Calibri;">alle ore 22.00 </strong><strong style="color: #000000; font-family: Calibri;">e il sabato, domenica e nei giorni festivi da</strong><strong style="color: #000000; font-family: Calibri;">lle ore 08.00 sino alle ore 22.00.</strong></p>
<p><span style="color: #000000; font-family: Calibri;">Per i cittadini italiani presenti nella circoscrizione consolare dell’Ambasciata d’Italia a<strong> TIRANA</strong> il numero di emergenza è: <strong>00355 4 2274900</strong></span></p>
<p><span style="color: #000000; font-family: Calibri;">In caso di <strong>ASSOLUTA EMERGENZA</strong> in orari diversi da quelli di apertura degli uffici o di reperibilità, è possibile contattare il seguente numero dell’Unità di Crisi del Ministero degli Affari Esteri e della Cooperazione Internazionale: <strong>+39-06-36225. </strong></span></p>
<p><strong><span style="text-decoration: underline;"><em><span style="color: #000000; font-family: Calibri;">Contatti di emergenza delle autorità albanesi: </span></em></span></strong></p>
<p><strong><span style="color: #000000; font-family: Calibri;">Emergenza: 112 (valido per tutte le richieste urgenti) </span></strong></p>
<p><strong><span style="color: #000000; font-family: Calibri;">Polizia di stato: 129 </span></strong></p>
<p><strong><span style="color: #000000; font-family: Calibri;">Pronto soccorso: 127 </span></strong></p>
<p><strong><span style="color: #000000; font-family: Calibri;">Vigili del fuoco: 128 </span></strong></p>
<p><strong><span style="color: #000000; font-family: Calibri;">Polizia Stradale: 126</span></strong></p>
